01
Suppose 0 = 31*f - 33*f + 4, 2*c - 1510 = f. What are the prime factors of c?
2, 3, 7
Let h(b) = -b**2 - 5*b - 4. Let g be h(-4). Suppose z = -g*z + 20. List the prime factors of z.
2, 5
Suppose 3*l + 24 = -0*l. Let v(r) = -23*r - 71. List the prime factors of v(l).
113
Let n = 4405 + -160. What are the prime factors of n?
3, 5, 283
Let i(n) = n**3 + 12*n**2 + 2*n + 48. List the prime factors of i(-12).
2, 3
Let u be (-2 - (-1 - 1))/(-1 - 0). List the prime factors of -6*(1 - -1)*(-2 - u).
2, 3
Suppose 0 = 3*g + 3, 5*o - o + g + 1 = 0. Suppose o = 19*l - 15*l - 452. List the prime factors of l.
113
Suppose 3*m - 5*c = 15, 4*m + 5*c - 2*c + 9 = 0. Suppose 4*t - 8 = -m*t. Suppose -3*z - z + 5*b = -68, 3*b = t*z - 32. List the prime factors of z.
2, 11
List the prime factors of (-8 + 476 + -3)*1.
3, 5, 31
Let s(p) = 127*p**2 - 43*p + 3. What are the prime factors of s(4)?
3, 23
Suppose -195 = -3*i - 0*i. Let o be (-1 - (-63)/35)/(2/5). Suppose o*p - 7*p = -i. What are the prime factors of p?
13
Let x = -440 + 1180. List the prime factors of x.
2, 5, 37
Let t(u) = 374*u**2 + 2*u - 23. List the prime factors of t(3).
17, 197
Let c be 3/(-6) + (-10)/(-4). Let s be (-3)/(c/((-14)/3)). Suppose -2*n + 29 = -u, 2*u + 74 = -2*n + s*n. List the prime factors of n.
2
Suppose 5*v = -15, -27 + 9 = -2*r + 4*v. Suppose 0 = m + r*o - 5, 2*m + 5*o = -m + 15. Suppose -50 = -m*t + 3*t. List the prime factors of t.
5
Suppose 3*m - 786 = 5*j, -j + 423 = -5*m + 1733. List the prime factors of m.
2, 131
Let m = -39 + 30. What are the prime factors of 255/(-10)*(-8)/m*-3?
2, 17
List the prime factors of (8*(-2)/(-10))/(30/6675).
2, 89
List the prime factors of 25/(-2)*-2 - (-14 - -15).
2, 3
Let t(r) = 4*r**3 + 2*r**2 - 1. Let g be t(1). Suppose -g*n + 2*n = -291. What are the prime factors of n?
97
Let q(c) = -c - 8. Suppose -48 = 3*y - 15. Let h be q(y). Suppose -h*g = 5*o - 139, -4*o = -2*g - 66 - 54. List the prime factors of o.
29
Let v(m) = -3*m**2 + 5*m - 3. Let o = 9 + -5. Let d(r) = 2*r**2 - 3*r + 2. Let x(i) = o*v(i) + 7*d(i). List the prime factors of x(1).
3
Suppose z - x = -2*x + 38, -4*x = -5*z + 145. Suppose 4*k - 23 = z. What are the prime factors of k?
2, 7
Suppose 0 = -2*q + 3*j + 35, -2*j = q - 3*q + 32. Let v(c) = -c**2 + 17*c - 25. What are the prime factors of v(q)?
3
Suppose 2*r = l + 6*r - 24, r + 15 = 5*l. Suppose 2*v = l*h - 10, -6 - 19 = -3*v - 2*h. What are the prime factors of v?
5
Let h be (-34)/(-1) + 0 - 0. Let o = h - 13. Let g = o + 18. What are the prime factors of g?
3, 13
Let q(c) = 5*c**2 + 15*c - 1. Let j be q(1). Suppose 2*b + 1 = 5*i - 15, -4*i - 4*b = 4. List the prime factors of j + 1 + 2/i.
3, 7
Suppose b - 364 = -5*m, -2*m + 50 = -5*b - 101. Let d = m - 51. Let w = 38 - d. What are the prime factors of w?
2
Let o(t) = 7*t - 10. Let v be o(7). Let h be 1/3 - 13/v. Let w(d) = d**2 + 72. List the prime factors of w(h).
2, 3
Let d(l) = 37*l**2 + 3*l - 5. What are the prime factors of d(4)?
599
Let m = 610 + -458. Suppose 14 + 2 = 2*w. Suppose 32 = -w*n + m. What are the prime factors of n?
3, 5
Suppose -4*i - 16 = 2*s + 10, 3*s = -2*i - 27. Let u be (-8 - -7)*(s - -2). Suppose u*j - 230 = j - 3*d, 4*d - 8 = 0. What are the prime factors of j?
2, 7
Let o(d) = -49*d**3 - d**2 - d - 1. Let x(s) = -s + 20. Let u be x(16). Suppose u*z = -20, -z - 4 + 2 = -3*c. List the prime factors of o(c).
2, 3
Let a(x) = -x**3 - 9*x**2 + 17*x - 99. List the prime factors of a(-13).
2, 89
Let n(h) = 8*h + 3*h - h + 1. Let w = -18 + 20. What are the prime factors of n(w)?
3, 7
Let m = 525 + -460. What are the prime factors of m?
5, 13
Let r = -19 - -143. Let f be -21*(r/(-12) + 1). Suppose 48 = -4*k + f. What are the prime factors of k?
37
Let v be (-1)/(-2)*-2 + 24. Let d = -53 + v. List the prime factors of d/75 + 382/5.
2, 19
List the prime factors of (6351/6)/(-6 + 39/6).
29, 73
Let f = 24 + -19. Suppose -f*a = -322 - 203. List the prime factors of a.
3, 5, 7
List the prime factors of ((-22)/((-660)/(-405)))/((-6)/656).
2, 3, 41
What are the prime factors of (1/2)/(170/1833620)?
5393
Suppose 5*k + 5*d - 4321 + 881 = 0, d = k - 680. List the prime factors of k.
2, 3, 19
Suppose -2*r + 23*x - 21*x + 1724 = 0, -1716 = -2*r - 2*x. What are the prime factors of r?
2, 5, 43
Let m(o) = 3*o**2 - 7*o - 7. Suppose -2*r + 7*r = 2*w + 34, 0 = 3*r + 5*w - 8. List the prime factors of m(r).
59
Let l(x) = x + 3. Let m(b) = b - 4. Suppose -7*c + 2*c + 20 = 0. Let i be m(c). What are the prime factors of l(i)?
3
Let n be (-46)/(-14) - 4/14. Suppose 0*s - s + 1 = -f, 3*f - 5*s + 9 = 0. What are the prime factors of (-2*n)/(f/(-3))?
3
Let f be ((-3)/6)/((-3)/(-120)). Let o be (2/(-5))/(2/f). Suppose -o*z + 100 = z - 2*k, -2*z + 40 = -5*k. What are the prime factors of z?
2, 5
Suppose 3144 = 78*c - 70*c. What are the prime factors of c?
3, 131
Suppose 7*p + 16848 = 3*p. List the prime factors of (-2)/(-11) - p/66.
2
Suppose -4*q = -9*q + 280. Suppose 3*s + s - q = 0. Suppose -155 = -s*f + 9*f. List the prime factors of f.
31
Let t = 104 - 30. Suppose 0*u + 2*u = t. What are the prime factors of u?
37
Let r(t) = t**2 - 7*t + 9. Let u be r(6). Suppose -2*x = -u*m + 32, -1 = -2*x + 9. What are the prime factors of m?
2, 7
Let a = -4 + 7. Let u(o) = -o**3 - 5*o**2 + 3*o - 7. Let m be u(-6). Let x = m - a. What are the prime factors of x?
2
Let a(j) = -j + 12. Suppose 6*s - 3*s - 27 = 0. Let b be a(s). Suppose 2 = -2*o + b*o. What are the prime factors of o?
2
Let d = 77 + 289. What are the prime factors of d?
2, 3, 61
Let x(s) = 6*s + 12. Let u(g) = -g + 1. Let o(k) = 5*u(k) + x(k). Let l be o(17). Suppose 4*w + 0*w - l = 2*c, 0 = -w - 5*c + 14. List the prime factors of w.
3
Suppose -q + 4 = 0, -5*p - q = -2*q - 9786. What are the prime factors of p?
2, 11, 89
Suppose -34828 = -51*c + 86093. What are the prime factors of c?
2371
Let m = -248 - -585. What are the prime factors of m?
337
Let v be 10/35 - 4/14. Suppose -4*b - 8 = v, 2*g = -b - b - 154. What are the prime factors of 2/(24/g)*-4?
5
Let p = -12 + 21. Suppose 2*s + 8 = 0, 0 = 2*r + s + 3 - p. Suppose -104 = -4*d - 3*v, -188 = -r*d + 2*v - 35. List the prime factors of d.
29
Let u = 254 + -163. Let i = u - 54. List the prime factors of i.
37
Suppose n - 5*u = -n + 183, -n = 5*u - 69. Suppose 3*w + d - n = 0, 4 = w - 3*d - 14. List the prime factors of w.
3
Let b(j) = 41*j**2 - 14*j - 162. What are the prime factors of b(-12)?
2, 3, 5, 197
Let k = -398 - -472. List the prime factors of k.
2, 37
Suppose c + x - 15 = 2*x, -4*x = c - 15. What are the prime factors of ((-50)/c + 3)/(2/(-1206))?
3, 67
Let m(t) = 6*t**2 + t + 1. Let v be m(2). Let x = v + 69. List the prime factors of x.
2, 3
Let r(c) be the second derivative of 0 - 8*c**2 + 5/2*c**3 - c - 1/12*c**4. List the prime factors of r(11).
2, 7
Let d(j) = -j**2 + j + 8*j + 7*j - 7*j + 7. Let y be d(8). What are the prime factors of (-81)/(-3)*10/y?
2, 3
Let w = -11 - -15. Suppose 3*p - w*c + 9 = -c, 7 = p + c. Suppose -98 = -3*b + p*i - 1, 2*b + i = 67. List the prime factors of b.
3, 11
Suppose 0*l = -2*l + 6, -2*n = -4*l + 8. Suppose -y = -4*p - 85, y + p = -n*p + 120. What are the prime factors of y?
3, 5, 7
List the prime factors of ((-4)/6)/((-3)/1737).
2, 193
Let p(c) be the third derivative of c**5/20 + c**4/12 + 5*c**3/2 + 21*c**2. List the prime factors of p(-7).
2, 37
Let f be 245 - 5/((-10)/6). What are the prime factors of (f/24)/(3/27)?
3, 31
Let n(u) be the first derivative of 5*u**2/2 + 7*u + 4. What are the prime factors of n(3)?
2, 11
Suppose 2*k + 0*k + 16 = 0. Let o(s) = -s**2 - s - 10*s - 2 - s. What are the prime factors of o(k)?
2, 3, 5
Suppose 0 = 5*s + 2 - 32. Suppose 0 = -5*i + 5*g + 210, -4*i + g = -52 - 107. List the prime factors of 232/s + 13/i.
3, 13
Let k be 6*(4/8 + 0). Suppose -k*t + 132 = t. Let y = t - 16. What are the prime factors of y?
17
Let h = -81 - -377. Let t = -153 + h. List the prime factors of t.
11, 13
Suppose -4*b + 5*c + 2 = 0, -5*c + 17 = 5*b - 8. Suppose 242 + 55 = b*p. List the prime factors of p.
3, 11
Let v be -40 - ((2 - -1) + -3). Let k = v - -73. What are the prime factors of k?
3, 11
Suppose -5*i + 0*c + 17 = c, -1 = -3*i + 4*c. Let l be (-130)/(-15)*i/2. Suppose 5*d - 383 + l = 0. What are t